 - 168). Suppose -6*j + y = -3*j. Is j composite?
False
Let s(d) = -d**3 + 10*d**2 - 2*d - 4. Is s(7) a prime number?
False
Let z(l) = 157*l**2 - l + 2. Is z(1) composite?
True
Let t(w) = 9*w**2 - 13*w - 39. Is t(-7) a prime number?
False
Suppose 4*b - 1064 = 3*w, 0*b - 4*b + 1068 = -4*w. Is b a prime number?
True
Suppose -4*p - 3*t + 1601 = 448, -1155 = -4*p - t. Let b = p - 162. Is b composite?
False
Suppose -2*o - 2*y - 1 = 3*o, 0 = -4*o - y + 1. Let k = o + 1. Suppose k*q + 3 = 81. Is q a prime number?
False
Suppose 9*w = 6*w + 1227. Is w composite?
False
Suppose -2*y - 4980 = 3*y. Is (y/15)/(2/(-5)) a prime number?
False
Let j = -92 + 55. Suppose r + 7 = -h, 5*h - 3*r + 90 = 23. Let q = h - j. Is q composite?
True
Let y = -348 + 569. Is y a prime number?
False
Let z be 10/3 + (-10)/(-15). Let p be z - (-2 + 4) - -4. Let w = p + 5. Is w composite?
False
Let p be 9/(-2) + (-3)/6. Let w(i) = i**3 + 6*i**2 + 3*i - 5. Let f be w(p). Suppose 136 = f*d - 299. Is d prime?
False
Let x(o) = 5*o**2 - 5 - 6 + 10 + o**2. Let t(m) = -m**2 - 6*m + 2. Let a be t(-6). Is x(a) prime?
True
Let z = 7 + 34. Let t = z - 22. Is t a composite number?
False
Let w(c) = -2*c + 2. Suppose -2*a = 1 + 9. Let o be w(a). Is 32/o*(-42)/(-8) prime?
False
Let t(o) = -2*o**3 - 2*o**2 + 2*o + 2. Let l be t(-2). Let h be 8/l*(-135)/(-6). Let f = h + -9. Is f prime?
False
Suppose 5*q - 2*q = 18. Let n be 32/(-14) - q/(-21). Is n/4*44/(-2) prime?
True
Suppose 0*a + 122 = a. Suppose -l - a = c - 2*c, -c - 5*l + 152 = 0. Is c composite?
False
Is 0 - (-708)/4*1 composite?
True
Suppose -2*a + 32 + 414 = 0. Is a prime?
True
Let d = 29 - 15. Suppose 3*w + 0*w - 21 = -5*i, 25 = 5*i + 5*w. Suppose -d = -i*n + n. Is n a composite number?
False
Let a = 1044 - 367. Is a composite?
False
Let v be ((-9)/6)/((-3)/32). Let k = -8 + v. Let j(m) = m**2 - 5*m + 7. Is j(k) a composite number?
False
Let a = -20 - -28. Let h(o) = 10*o + 11. Is h(a) prime?
False
Suppose 6*c - c + 20 = 0. Let l be c/(-22) + 48/(-22). Is 7/14 + (-73)/l a composite number?
False
Let c(n) = -4*n**2 - 2*n - 10. Let o be c(8). Let h be (-12)/(-18)*o/(-1). Suppose h = -4*a + 544. Is a a composite number?
False
Let j = 184 - 58. Suppose -3*c + j = -135. Is c a prime number?
False
Suppose 0 = -5*x + 2*s + 247, 5*x - s - 148 = 2*x. Is x a composite number?
True
Suppose -4*b = -0*b + 3*n - 25, 2*b = n + 5. Suppose b*s + 0*x - 148 = -x, 3*s - 111 = -x. Is s a composite number?
False
Suppose 5*u + 5*o = 1025, 0*u + 4*u - 822 = -5*o. Is u a prime number?
False
Suppose 3*l + j = 7, -5*j + 2*j + 5 = l. Let h be (72/12)/((-6)/(-4)). Suppose 20 = 4*z, h*c + l*z = z + 529. Is c a composite number?
False
Let f(o) = -7*o + 139. Let m(l) = -10*l + 208. Let v be (4/(-12))/(1/(-15)). Let j(s) = v*m(s) - 7*f(s). Is j(0) composite?
False
Let s = -3 - -26. Is s prime?
True
Let a(t) = -t**3 - 6*t**2 + 5*t - 10. Let n be a(-7). Let s(h) = -2*h**2 + 3*h**2 + 3 - 2*h - h. Is s(n) a composite number?
False
Is -3 + (-1336)/(-4) - -4 a prime number?
False
Is 4/(-10) - 3294/(-10) a prime number?
False
Let z(b) = -1. Let r(w) = -w**2 - 2*w + 11. Let i(f) = -2*r(f) - 22*z(f). Is i(-3) composite?
True
Let g(n) = 5*n - 1. Let i be g(4). Let q = i + 3. Is q prime?
False
Suppose 0 = 6*z - 1111 + 19. Suppose -996 + z = -2*f. Is f prime?
False
Suppose 3*b + 1434 = -u + 4*u, 0 = -2*b + 2. Is u a prime number?
True
Suppose 0 = 3*p + 2*p - 15. Suppose 0 = -p*q - 2*q + 1055. Is q prime?
True
Suppose 2*t - 121 = 127. Is (2/4)/(2/t) a composite number?
False
Let l(f) = -1 - 2*f - 7 + f**2 - f. Let n be l(7). Suppose -2*a - n = -174. Is a a prime number?
False
Let a = 6 + -13. Suppose -3*t = -4*t + 2. Let k = t - a. Is k a composite number?
True
Let u(w) = -w**3 - 9*w**2 + 9*w - 5. Let l(p) = -p**2 + 2*p - 2. Let g be l(4). Let v be u(g). Let f = 24 - v. Is f prime?
True
Let s be (18/(-4) - -3)*-2. Suppose s*x - 306 - 306 = v, 5*x + 3*v = 1006. Is x a composite number?
True
Let b(w) = 15*w - 6. Let a be b(7). Suppose -l + a = -5*u, -3*l + 20 = 2*l. Let z = -8 - u. Is z prime?
True
Is (53/(-4))/((-13)/1508) prime?
False
Suppose 0 = 2*x + 2*r - 344, 0*x - 4*r - 147 = -x. Suppose -4*d = -2*y + 114, -3*y - 4*d = -6*y + x. Is y prime?
True
Let q(r) = 6*r**2 - 9*r + 4. Let f be q(-9). Suppose -777 - f = -4*i. Is i a prime number?
True
Let o(v) = -14*v - 11. Let p(c) = c - 1. Let x(t) = o(t) - 3*p(t). Is x(-6) a prime number?
False
Let o(t) = -6*t + 1. Let r be o(1). Let p(h) = h**3 + 7*h**2 + 2*h + 4. Let w(v) = -1. Let z(a) = p(a) - 3*w(a). Is z(r) a prime number?
True
Let z = -53 + -26. Suppose 4*b = -5*r + 560, 0 = -2*r - r + 2*b + 358. Let s = z + r. Is s composite?
False
Let c(n) = -21*n + 2. Let q(u) = u**2 + 5*u - 3. Let f be q(-4). Is c(f) a prime number?
True
Let u = 8 + -2. Let f be u/(-3) + (-4 - 1). Is (-135)/f - 8/28 composite?
False
Is (-46)/3*6/(-4) composite?
False
Let f(g) = 32*g - 5. Is f(2) composite?
False
Suppose 5*c - 9 = 1. Suppose 0*h = -c*h. Is -1*((h - 0) + -85) composite?
True
Let m(h) = -3*h + 7. Let a(y) = -7*y + 15. Suppose -3 + 68 = -5*g. Let p(q) = g*m(q) + 6*a(q). Is p(-9) a composite number?
True
Is 5270/18 - (-6)/27 composite?
False
Let g(v) = 3*v**2 - 8*v - 22. Let t be (-470)/(-50) - 2/5. Is g(t) a composite number?
False
Let l = 3889 + -2390. Is l a composite number?
False
Is 1002/15 + (-2)/(-10) a prime number?
True
Suppose -12*r + 109 = -335. Is r composite?
False
Let x(d) = 6*d - 1. Let n be x(1). Suppose -2 = r - n. Suppose 3*p - 83 = -5*b, p + 61 = r*b - 0. Is b a composite number?
False
Suppose 3*d + 324 = 2217. Is d prime?
True
Suppose -13*f + 14995 = -8*f. Is f a composite number?
False
Suppose -3*f + 2*f = -4*t + 340, -2*f = -2*t + 170. Is t a prime number?
False
Is (-11150)/(-30) - 2/3 a prime number?
False
Let a(l) = 2*l**2 + 10*l - 23. Is a(-18) prime?
False
Suppose -1851 - 6871 = -14*q. Is q a composite number?
True
Is (-1692)/(-14) - 4/(-28) a composite number?
True
Suppose 361 = -4*s - 95. Let g = s + 325. Is g composite?
False
Suppose -170*z + 169*z = -6139. Is z a prime number?
False
Let k = 11 - 9. Suppose -k*z = 3*z. Suppose 804 = -z*q + 4*q. Is q prime?
False
Let u = 13 - 28. Is (-12)/(-15) - 2973/u a prime number?
True
Let l(n) = 34*n**3 - n**2 + 2*n - 1. Is l(1) composite?
True
Let l = -9464 - -17103. Is l a prime number?
True
Let o = -31 + -19. Let f = o + 87. Is f a composite number?
False
Let k = 210 - 297. Let y be ((-8)/10)/(2/(-335)). Let a = y + k. Is a a composite number?
False
Is 13/26 - 1026/(-4) a prime number?
True
Let k = 14 + -10. Suppose 2*t - 5*u = 18, -k*t - 3*u - 15 = -t. Is ((-38)/(-8))/(t/(-8)) a prime number?
False
Let t(n) = 6*n**2 - 2. Let g(h) = -h**2 + h - 1. Let x(k) = 3*g(k) + t(k). Is x(-5) a prime number?
False
Let z be -3*(-2)/3 + 8. Suppose -z = -3*t + 5. Suppose -t*u + 2*h = -0*h - 163, -5*h - 61 = -2*u. Is u composite?
True
Let v(a) = 1671*a**2 - 5*a - 3. Is v(-1) prime?
False
Let t(n) = -10*n - 3. Suppose q + 22 = -5*v, -5*v - 4*q - 28 = -0*q. Is t(v) a prime number?
True
Is 16/6 + -3 - 670/(-3) a composite number?
False
Let m be (9 + -4)/(15/18). Let x(p) = -6*p**2 + 9*p - 2. Let h(r) = 11*r**2 - 17*r + 5. Let t(n) = 3*h(n) + 5*x(n). Is t(m) a composite number?
True
Suppose -5*b - 75 + 195 = 0. Let x = -6 - -5. Let w = b - x. Is w composite?
True
Let o = 50 - 28. Let v = 10 - o. Let k = v - -19. Is k composite?
False
Suppose 28*y - 29*y = -1. Let d(w) = -1 + 206*w + 304*w + 2. Is d(y) composite?
True
Let f be (0 - 0)*(-2)/(-4). Suppose f = 4*a - 19 + 55. Is ((-3)/a)/((-2)/(-1146)) a composite number?
False
Suppose 5*p - 5*y = 25, 4*p + 1 = -3*y - 0. Is p/5 - (-1265)/25 a prime number?
False
Let w(r) = 55*r + 39. Is w(8) a composite number?
False
Suppose -d + 1906 = d. Is d prime?
True
Let q = -408 + 205. Suppose 3*w = 5*w - 4*s - 14, -20 = 5*s. Is (-1)/((-1)/q*w) prime?
False
Suppose 3*h = 5*y - 3*y + 2209, 0 = -2*h - 4*y + 1494. Is h a composite number?
False
Suppose -k = 2, 3*h + 5*k - 1706 = h. Suppose r - 355 = 5*f, 3*r - 5*f - h - 187 = 0. Suppose -r = 2*p - 7*p. Is p a prime number?
False
Let p(h) = 79*h - 1. Let c be p(2). Let g = -68 + c. Is g a composite number?
False
Let x(i) = 218*i - 3. Is x(1) a prime number?
False
Suppose -4*o + 7*k + 21 = 4*k, -o - 12 = 5*k.